{"id":519,"date":"2015-05-09T07:21:00","date_gmt":"2015-05-09T07:21:00","guid":{"rendered":"http:\/\/www.riformaremilano.polimi.it\/?page_id=519"},"modified":"2015-05-18T16:27:42","modified_gmt":"2015-05-18T16:27:42","slug":"laboratorio-di-progettazione-architettonica-1-pierini-salsa-isastia-2","status":"publish","type":"page","link":"https:\/\/www.riformaremilano.polimi.it\/?page_id=519","title":{"rendered":"Laboratorio di Progettazione Architettonica 1 | Pierini,  Salsa, Isastia"},"content":{"rendered":"<p><strong>6. <a href=\"http:\/\/www.riformaremilano.polimi.it\/?p=103\">CORSO XXII MARZO<\/a><\/strong> &#8211; TASSELLI DI DEGRADO<\/p>\n<p><strong>Laboratorio di Progettazione Architettonica 1<\/strong><br \/>\nDocenti: Orsina Simona Pierini, Eleonora Salsa, Alessandro Isastia<\/p>\n<div id=\"attachment_850\" style=\"width: 2010px\" class=\"wp-caption alignnone\"><a href=\"http:\/\/www.riformaremilano.polimi.it\/wp-content\/uploads\/2015\/05\/Pierini_XXII-MARZO.jpg\"><img loading=\"lazy\" decoding=\"async\" aria-describedby=\"caption-attachment-850\" class=\"size-full wp-image-850\" src=\"http:\/\/www.riformaremilano.polimi.it\/wp-content\/uploads\/2015\/05\/Pierini_XXII-MARZO.jpg\" alt=\"Studenti: Nicol\u00f2 Cornelli, Denise Galli, Herve Matondo, Lorenzo Micucci, Nicol\u00f2 Bianchi, Federica Far\u00e9\" width=\"2000\" height=\"2828\" srcset=\"https:\/\/www.riformaremilano.polimi.it\/wp-content\/uploads\/2015\/05\/Pierini_XXII-MARZO.jpg 2000w, https:\/\/www.riformaremilano.polimi.it\/wp-content\/uploads\/2015\/05\/Pierini_XXII-MARZO-212x300.jpg 212w, https:\/\/www.riformaremilano.polimi.it\/wp-content\/uploads\/2015\/05\/Pierini_XXII-MARZO-724x1024.jpg 724w\" sizes=\"auto, (max-width: 2000px) 100vw, 2000px\" \/><\/a><p id=\"caption-attachment-850\" class=\"wp-caption-text\">Studenti: Nicol\u00f2 Cornelli, Denise Galli, Herve Matondo, Lorenzo Micucci, Nicol\u00f2 Bianchi, Federica Far\u00e9<\/p><\/div>\n","protected":false},"excerpt":{"rendered":"<p>6. CORSO XXII MARZO &#8211; TASSELLI DI DEGRADO Laboratorio di Progettazione Architettonica 1 Docenti: Orsina&#8230;<\/p>\n","protected":false},"author":2,"featured_media":0,"parent":0,"menu_order":0,"comment_status":"closed","ping_status":"open","template":"","meta":{"footnotes":""},"class_list":["post-519","page","type-page","status-publish","hentry"],"_links":{"self":[{"href":"https:\/\/www.riformaremilano.polimi.it\/index.php?rest_route=\/wp\/v2\/pages\/519","targetHints":{"allow":["GET"]}}],"collection":[{"href":"https:\/\/www.riformaremilano.polimi.it\/index.php?rest_route=\/wp\/v2\/pages"}],"about":[{"href":"https:\/\/www.riformaremilano.polimi.it\/index.php?rest_route=\/wp\/v2\/types\/page"}],"author":[{"embeddable":true,"href":"https:\/\/www.riformaremilano.polimi.it\/index.php?rest_route=\/wp\/v2\/users\/2"}],"replies":[{"embeddable":true,"href":"https:\/\/www.riformaremilano.polimi.it\/index.php?rest_route=%2Fwp%2Fv2%2Fcomments&post=519"}],"version-history":[{"count":3,"href":"https:\/\/www.riformaremilano.polimi.it\/index.php?rest_route=\/wp\/v2\/pages\/519\/revisions"}],"predecessor-version":[{"id":851,"href":"https:\/\/www.riformaremilano.polimi.it\/index.php?rest_route=\/wp\/v2\/pages\/519\/revisions\/851"}],"wp:attachment":[{"href":"https:\/\/www.riformaremilano.polimi.it\/index.php?rest_route=%2Fwp%2Fv2%2Fmedia&parent=519"}],"curies":[{"name":"wp","href":"https:\/\/api.w.org\/{rel}","templated":true}]}}