{"id":3672,"date":"2019-04-30T08:58:10","date_gmt":"2019-04-30T08:58:10","guid":{"rendered":"http:\/\/www.riformaremilano.polimi.it\/?page_id=3672"},"modified":"2019-04-30T09:33:00","modified_gmt":"2019-04-30T09:33:00","slug":"laboratorio-di-costruibilita-e-ostenibilita-del-progetto-fianchini-scansani","status":"publish","type":"page","link":"https:\/\/www.riformaremilano.polimi.it\/?page_id=3672","title":{"rendered":"Laboratorio di Costruibilit\u00e0 e sostenibilit\u00e0 del progetto | Fianchini, Scansani"},"content":{"rendered":"<p><strong>Laboratorio di Costruibilit\u00e0 e Sostenibilit\u00e0 del progetto<\/strong><\/p>\n<p><a href=\"https:\/\/www11.ceda.polimi.it\/schedaincarico\/schedaincarico\/controller\/scheda_pubblica\/SchedaPublic.do?&amp;evn_default=evento&amp;c_classe=689426&amp;__pj0=0&amp;__pj1=a83c242d50ae7da05ed33ecd4c1e8191\" target=\"_blank\" rel=\"noopener noreferrer\">Maria Fianchini, Sandro Attilio Scansani<\/a><\/p>\n<p>IT\/<\/p>\n<p align=\"justify\">A breve distanza da piazza Prealpi, in via Pizzigoni si trova un complesso scolastico dismesso da alcuni anni per la presenza di amianto. Oltre ai disagi per gli studenti, l\u2019abbandono del sito genera criticit\u00e0 per il contiguo insediamento residenziale e di attrezzature collettive.<br \/>\nIn linea con le intenzioni espresse dal Comune di Milano, il laboratorio di Sostenibilit\u00e0 e Costruibilit\u00e0 del Progetto ha promosso la progettazione da parte degli studenti della nuova sede dell\u2019ex scuola media Colombo, da integrare nel contesto urbano, perseguendo come obiettivi prioritari:<\/p>\n<p align=\"justify\">1. La configurazione di nuovi modelli di organizzazione degli ambienti per la didattica (riferendosi alle molteplici esperienze innovative in atto), nonch\u00e9 di soluzioni distributive che favoriscano l\u2019apertura al quartiere e l\u2019uso degli spazi ed attrezzature di interesse collettivo in orario extrascolastico;<\/p>\n<p align=\"justify\">2. La ricerca di soluzioni ad elevata sostenibilit\u00e0 ambientale e fattibilit\u00e0 tecnico\u2010economica integrate in tutte le fasi del progetto, che perseguano elevati livelli di comfort e di prestazioni energetiche -mediante la massima valorizzazione delle risorse naturali e l\u2019integrazione di sistemi di produzione energetica da fonti rinnovabili &#8211; nonch\u00e9 la piena rispondenza ai requisiti di legge in termini di igiene e sicurezza;<\/p>\n<p align=\"justify\">3. L\u2019utilizzo di sistemi costruttivi a secco, in grado di garantire una rapida esecuzione delle opere, facilit\u00e0 di smontaggio e riciclabilit\u00e0 globale.<\/p>\n<p align=\"justify\">ENG\/<\/p>\n<p align=\"justify\">Not far from Piazza Prealpi, in Via Pizzigoni there is a school complex, no longer in use for some years, due to the presence of asbestos. In addition to the inconvenience for the students, the abandonment of the site led to the emergence of critical situations to the nearby settlement of housing and public facilities.<br \/>\nIn line with the intentions of the Municipality of Milan, the Construction and Sustainability Design Studio has promoted the students&#8217; design and project of a new facility for the former Colombo middle school, to be integrated in the urban context, pursuing the following priority objectives:<\/p>\n<p align=\"justify\">1.The design of new patterns of learning environments (referring to the many current innovative experiences), as well as of layout solutions that facilatate the school opening up to the neighbourhood and the sharing of spaces and equipment in extra-school times;<\/p>\n<p align=\"justify\">2.The search for solutions, oriented both to environmental sustainability and technical-economic feasibility in all stages, from the concept design to the project; solutions that had to satisfy high levels of comfort and energy performance &#8211; also through the use of natural resources and energy production from renewable sources systems &#8211; as well as full compliance with legal requirements in terms of hygiene and safety;<\/p>\n<p>3.The use of dry construction systems (with wooden frame or steel frame), so as to ensure rapid implementation, ease of disassembly and maximum recyclability of construction systems.<\/p>\n<p><a href=\"http:\/\/www.riformaremilano.polimi.it\/?p=2816\" target=\"_blank\" rel=\"noopener noreferrer\">C.2 PIAZZA PREALPI<\/a><\/p>\n<p><a href=\"http:\/\/www.riformaremilano.polimi.it\/wp-content\/uploads\/2019\/04\/G05_tavA0.jpg\"><img loading=\"lazy\" decoding=\"async\" class=\"aligncenter wp-image-3680 size-full\" src=\"http:\/\/www.riformaremilano.polimi.it\/wp-content\/uploads\/2019\/04\/G05_tavA0.jpg\" alt=\"\" width=\"4967\" height=\"7022\" \/><\/a><\/p>\n<p>Tav.1<\/p>\n<p>Studenti: Andrea Fornaro, Lucrezia Tagliab\u00f2, Irene Talamona<\/p>\n<p><a href=\"http:\/\/www.riformaremilano.polimi.it\/wp-content\/uploads\/2019\/04\/TAVOLA-MOSTRA-GRUPPO-8.jpg\"><img loading=\"lazy\" decoding=\"async\" class=\"aligncenter wp-image-3681 size-full\" src=\"http:\/\/www.riformaremilano.polimi.it\/wp-content\/uploads\/2019\/04\/TAVOLA-MOSTRA-GRUPPO-8.jpg\" alt=\"\" width=\"4967\" height=\"7022\" \/><\/a><\/p>\n<p>Tav.1<\/p>\n<p>Studenti: Andrea Zanin, David Naglic, Elisa d&#8217;Albuquerque<\/p>\n","protected":false},"excerpt":{"rendered":"<p>Laboratorio di Costruibilit\u00e0 e Sostenibilit\u00e0 del progetto Maria Fianchini, Sandro Attilio Scansani IT\/ A breve&#8230;<\/p>\n","protected":false},"author":2,"featured_media":0,"parent":0,"menu_order":0,"comment_status":"closed","ping_status":"closed","template":"","meta":{"footnotes":""},"class_list":["post-3672","page","type-page","status-publish","hentry"],"_links":{"self":[{"href":"https:\/\/www.riformaremilano.polimi.it\/index.php?rest_route=\/wp\/v2\/pages\/3672","targetHints":{"allow":["GET"]}}],"collection":[{"href":"https:\/\/www.riformaremilano.polimi.it\/index.php?rest_route=\/wp\/v2\/pages"}],"about":[{"href":"https:\/\/www.riformaremilano.polimi.it\/index.php?rest_route=\/wp\/v2\/types\/page"}],"author":[{"embeddable":true,"href":"https:\/\/www.riformaremilano.polimi.it\/index.php?rest_route=\/wp\/v2\/users\/2"}],"replies":[{"embeddable":true,"href":"https:\/\/www.riformaremilano.polimi.it\/index.php?rest_route=%2Fwp%2Fv2%2Fcomments&post=3672"}],"version-history":[{"count":7,"href":"https:\/\/www.riformaremilano.polimi.it\/index.php?rest_route=\/wp\/v2\/pages\/3672\/revisions"}],"predecessor-version":[{"id":3688,"href":"https:\/\/www.riformaremilano.polimi.it\/index.php?rest_route=\/wp\/v2\/pages\/3672\/revisions\/3688"}],"wp:attachment":[{"href":"https:\/\/www.riformaremilano.polimi.it\/index.php?rest_route=%2Fwp%2Fv2%2Fmedia&parent=3672"}],"curies":[{"name":"wp","href":"https:\/\/api.w.org\/{rel}","templated":true}]}}