{"id":1504,"date":"2016-01-30T00:13:26","date_gmt":"2016-01-30T00:13:26","guid":{"rendered":"http:\/\/www.riformaremilano.polimi.it\/?page_id=1504"},"modified":"2016-01-30T00:13:26","modified_gmt":"2016-01-30T00:13:26","slug":"tesi-di-laurea-magistrale-rocca","status":"publish","type":"page","link":"https:\/\/www.riformaremilano.polimi.it\/?page_id=1504","title":{"rendered":"Tesi di Laurea Magistrale | Rocca"},"content":{"rendered":"<p><strong>5.\u00a0<a href=\"http:\/\/www.riformaremilano.polimi.it\/?p=106\">EX CINEMA MAESTOSO<\/a><\/strong> \u2013 OBSOLESCENZA DELLA SCENA URBANA<\/p>\n<p><strong>Tesi di Laurea Magistrale &#8211;\u00a0Mattia Marin<\/strong><br \/>\nRelatore:\u00a0Alessandro Rocca<br \/>\n<a href=\"http:\/\/www.riformaremilano.polimi.it\/wp-content\/uploads\/2016\/01\/12a-maestoso.jpg\"><img loading=\"lazy\" decoding=\"async\" class=\"alignleft size-full wp-image-1505\" src=\"http:\/\/www.riformaremilano.polimi.it\/wp-content\/uploads\/2016\/01\/12a-maestoso.jpg\" alt=\"12a---maestoso\" width=\"2000\" height=\"2000\" srcset=\"https:\/\/www.riformaremilano.polimi.it\/wp-content\/uploads\/2016\/01\/12a-maestoso.jpg 2000w, https:\/\/www.riformaremilano.polimi.it\/wp-content\/uploads\/2016\/01\/12a-maestoso-80x80.jpg 80w, https:\/\/www.riformaremilano.polimi.it\/wp-content\/uploads\/2016\/01\/12a-maestoso-300x300.jpg 300w, https:\/\/www.riformaremilano.polimi.it\/wp-content\/uploads\/2016\/01\/12a-maestoso-1024x1024.jpg 1024w\" sizes=\"auto, (max-width: 2000px) 100vw, 2000px\" \/><\/a><\/p>\n<p>L\u2019area dell\u2019ex-cinema Maestoso \u00e8 collocata nel quadrante sud-est, in corrispondenza dell\u2019intersezione tra l\u2019asse storico di corso Lodi e l\u2019ultimo anello urbano definito dal piano Pavia Masera nel 1912. Il contesto vede contrapporsi a un disegno omogeneo della citt\u00e0, in cui assi stradali ortogonali sono delimitati da compatti fabbricati a cortina, il vuoto lasciato dal prospiciente ex scalo ferroviario di Porta Romana. Quest\u2019ultimo divide di fatto due parti di citt\u00e0 rappresentando una cesura sia a livello fisico che sociale. Analizzando invece l\u2019area ad una scala minore, l\u2019isolato \u00e8 coerente col suo contesto: degli alti e compatti edifici a\u00a0cortina perimetrali racchiudono al loro interno un conglomerato di fabbricati disomogeneo, quasi caotico. Cos\u00ec come le criticit\u00e0 appena sintetizzate, anche la risposta progettuale si rapporta alla citt\u00e0 su diverse scale. Una torre si impone come segno distintivo nel panorama urbano, ridefinendo l\u2019area come una nuova centralit\u00e0. La relazione che instaura \u00e8 con la citt\u00e0 intera, in particolare col sistema di torri (Velasca, Porta Romana) che ripercorrono l\u2019antica via\u00a0Emilia fino al cuore di Milano. Gli stessi spazi pubblici al suo interno, tra cui un centro culturale dedicato alla musica, hanno il compito di renderla un luogo di riconnessione sociale. Una lama a destinazione residenziale, in continuit\u00e0 con il fabbricato a cortina esistente, sovverte invece la classica tipologia della corte verde privata, aprendo al pubblico un passaggio verso un giardino interno. Tra gli alberi di questo giardino \u00e8 mimetizzata una grande piastra quadrata\u00a0che organizza organicamente al suo interno spazi produttivi condivisi, mantenendo la storica vocazione artigianale dell\u2019area compresa tra viale Umbria e piazzale Lodi.<\/p>\n","protected":false},"excerpt":{"rendered":"<p>5.\u00a0EX CINEMA MAESTOSO \u2013 OBSOLESCENZA DELLA SCENA URBANA Tesi di Laurea Magistrale &#8211;\u00a0Mattia Marin Relatore:\u00a0Alessandro&#8230;<\/p>\n","protected":false},"author":2,"featured_media":0,"parent":0,"menu_order":0,"comment_status":"closed","ping_status":"open","template":"","meta":{"footnotes":""},"class_list":["post-1504","page","type-page","status-publish","hentry"],"_links":{"self":[{"href":"https:\/\/www.riformaremilano.polimi.it\/index.php?rest_route=\/wp\/v2\/pages\/1504","targetHints":{"allow":["GET"]}}],"collection":[{"href":"https:\/\/www.riformaremilano.polimi.it\/index.php?rest_route=\/wp\/v2\/pages"}],"about":[{"href":"https:\/\/www.riformaremilano.polimi.it\/index.php?rest_route=\/wp\/v2\/types\/page"}],"author":[{"embeddable":true,"href":"https:\/\/www.riformaremilano.polimi.it\/index.php?rest_route=\/wp\/v2\/users\/2"}],"replies":[{"embeddable":true,"href":"https:\/\/www.riformaremilano.polimi.it\/index.php?rest_route=%2Fwp%2Fv2%2Fcomments&post=1504"}],"version-history":[{"count":1,"href":"https:\/\/www.riformaremilano.polimi.it\/index.php?rest_route=\/wp\/v2\/pages\/1504\/revisions"}],"predecessor-version":[{"id":1506,"href":"https:\/\/www.riformaremilano.polimi.it\/index.php?rest_route=\/wp\/v2\/pages\/1504\/revisions\/1506"}],"wp:attachment":[{"href":"https:\/\/www.riformaremilano.polimi.it\/index.php?rest_route=%2Fwp%2Fv2%2Fmedia&parent=1504"}],"curies":[{"name":"wp","href":"https:\/\/api.w.org\/{rel}","templated":true}]}}